(-1 - -1)?
4
-12 - (-6 - (8 - 3))
-1
(1 - (4 - 1 - 4)) + -6
-4
Evaluate 4 - (2 + (1 - 4) + 1).
4
Evaluate 5 + 0 - (1 + 6 + -2).
0
What is (-3 - -2) + -2 + -1?
-4
3 + 1 + (-1 - 2)
1
(-4 + 2 - -1) + (-77 - -85)
7
Evaluate 1 - (-5 + (-3 - -18)) - -5.
-4
Evaluate 3 - (1 - -5) - -3.
0
What is the value of 0 + -2 + 5 + 1?
4
Evaluate 0 + 2 - ((-5 - -2) + 0).
5
Evaluate (8 - 3) + (-3 - 2).
0
3 - 2 - (3 + 2)
-4
Calculate (6 - 0) + 0 + -6.
0
What is 2 - 13 - -8 - 5?
-8
What is 15 + (-9 - -6) + -5 - 6?
1
2 + -3 + (-27 - -32)
4
Calculate 0 - (-3 + 4 - 5) - 9.
-5
Calculate 8 - -2 - 26 - -6.
-10
What is -10 - (-30 + 3) - 9?
8
What is 93 + -95 - (-2 - 1)?
1
What is the value of -1 - -4 - (2 + 0 + 1)?
0
What is -6 - ((1 - 5) + 1)?
-3
-5 + 7 + (-1 - -2)
3
Evaluate 113 + -120 - (-1 + 2).
-8
What is (-15 + 16 - (1 - -1)) + 0?
-1
What is the value of 3 + (-5 - ((5 - 7) + -2))?
2
Evaluate -4 + 7 + 1 - 6.
-2
5 - (-1 + -5 - (-7 + -7))
-3
Calculate (2 - 12) + -3 - -17.
4
Evaluate 4 + 6 + (-5 - (-3 - -2)).
6
Calculate -7 - -14 - (-1 + 6).
2
0 - 1 - (62 + -64)
1
What is the value of (-4 + 0 - (3 - 13)) + -7?
-1
What is 2 - ((3 - -1) + 2)?
-4
Evaluate -5 - -3 - (2 + -2).
-2
What is 7 + 3 + 7 + -13?
4
What is the value of 1 - (-1 - (4 + -7))?
-1
What is the value of -6 + (-4 - -7 - (2 + -1))?
-4
0 + 1 - (-16 + 15)
2
Calculate (0 - 4) + 13 + -4 + -6.
-1
Evaluate 11 + -10 - (3 - -2 - 1).
-3
What is the value of (7 - (12 + -6 + -1)) + -2?
0
Calculate (2 - (7 - 6)) + -3 - -6.
4
What is (0 - -5 - 1) + -7?
-3
(-4 - -4) + -3 - 1
-4
What is 6 - (5 + -6) - (2 - 2)?
7
Calculate (-1 - (-6 + 2)) + (-4 - -2).
1
What is the value of 2 + 0 + (1 - -6 - 6)?
3
What is -3 - -3 - (-2 - (-4 - -1))?
-1
Evaluate -1 + (-3 + 14 - (6 - 1)).
5
-2 - 2 - -3 - -2
1
What is the value of -2 + 5 + -4 - (-2 - -5)?
-4
What is the value of -4 + 5 + (1 - -1 - 0)?
3
Calculate 1 - (-4 - -5 - 4).
4
-4 + -8 - (-4 + -8)
0
What is (7 - (1 + 2)) + -2?
2
Evaluate -3 + (5 - (-3 + 4)) + 7.
8
Evaluate (13 - 2 - (29 - 26)) + 0.
8
27 + -21 + 1 + 1 - 3
5
Calculate 6 + (-9 - -8) - (11 - 0).
-6
2 - 0 - -2 - (2 - -2)
0
(-1 - -7) + (6 + -21 - -9)
0
What is -1 + 0 + -1 + -8 + 8?
-2
(3 - (10 - 2)) + 3
-2
3 - ((-1 - -14) + 45 + -52)
-3
Calculate -6 + 1 + (-1 - -6).
0
Calculate -4 + (-1 + 1 - -2) + 9.
7
What is 1 + 2 + 1 + -2?
2
-10 - (9 + -15) - (0 + -4)
0
What is (3 - 13) + (-38 - -53)?
5
What is the value of 5 + -1 + (5 - (9 + -8))?
8
(-5 - (0 + -3)) + 0
-2
Evaluate (-1 - -13) + (5 - 28 - -18).
7
4 + -1 + -2 + -4
-3
Evaluate 1 + -2 - (-104 + 99).
4
What is -4 + 0 - (20 - 25)?
1
What is -2 - (1 + 1 - 4)?
0
(-1 - -16) + (-30 - -28) + -5
8
What is the value of 0 - (1 - 8) - (3 - -3)?
1
Calculate 5 + -10 - (-2 + (-6 - -9)).
-6
Calculate -8 - (-4 + (-1 - 2)).
-1
Calculate (2 - -8) + -2 - (2 - -1).
5
What is the value of -2 + 5 + (-4 - (1 + -3))?
1
What is the value of -7 + 0 + (5 - (7 - 5))?
-4
What is the value of 25 - 20 - (2 - -2)?
1
Evaluate -8 - -15 - (-7 - -6).
8
(2 - 10) + (-3 - 3 - -3)
-11
Evaluate -1 + (6 - (3 - (-12 - -6))).
-4
What is the value of -2 - 0 - (10 - 8)?
-4
What is -7 + -3 + 1 + 5?
-4
Evaluate 0 - (5 + 2 - 7).
0
Calculate (-3 - (-8 - -2)) + -1 - -3.
5
Evaluate 6 - 6 - (2 + -2 + 5).
-5
What is -4 - (3 + -3 + -3)?
-1
What is the value of (-1 - 1 - -2) + 3 + -1?
2
What is 7 + (-3 - (-4 + 4))?
4
0 - 6 - (5 + -7 + 1)
-5
What is the value of 14 + (-42 - -11 - -12)?
-5
Calculate -3 - (0 - (4 - -5 - 7)).
-1
-2 - -1 - (-25 + 14 + 13)
-3
What is the value of 3 - (4 + (5 - (0 + 10)))?
4
3 - (3 - (0 - (2 + -1)))
-1
19 - 19 - (-4 + 1)
3
Evaluate -156 - -167 - (7 - -1).
3
What is the value of -2 - (-1 - (1 - -5))?
5
What is (-16 - -15) + -1 + 5?
3
-1 - (-2 + -3) - 9
-5
-29 + 14 + (19 - 4)
0
Calculate 0 + (-8 - (-4 - -4)) + 4.
-4
What is -4 + -1 + (2 - -4)?
1
Calculate -3 + (-4 - -4) + (-11 - -7).
-7
What is 1 - (2 + 6 + 2)?
-9
Calculate -4 + 2 - (-10 + 7).
1
What is -3 + 1 + -3 + -1 + 5?
-1
What is the value of 0 + -3 + 3 + -4?
-4
Evaluate (-20 - -5) + (-9 - -20).
-4
(1 + 1 - 2) + -4
-4
What is -11 + -5 + (-4 - -14)?
-6
What is (1 - 0) + 3 + -7?
-3
What is the value of (-1 - 2) + (-4 - 1) + 7?
-1
What is the value of 1 - (8 - 7) - (4 - -3)?
-7
Calculate (7 - 8) + 2 + -9.
-8
Evaluate -11 - (4 - (4 - -4)).
-7
(-6 - -3 - -12) + (-1 - 2)
6
Calculate -12 - -8 - (-2 - -1 - 0).
-3
Calculate -4 - (6 - 12 - (1 + -3)).
0
4 - (4 - (5 - 3))
2
Calculate 28 + -31 - ((0 - -2) + 0).
-5
What is 1 - (-10 + 4 - -2)?
5
(-2 - -1 - 1) + -6 + 9
1
What is (-3 - 1) + (29 - 24)?
1
What is the value of (4 - (-1 + 3 + -4)) + -13?
-7
2 + (1 - -2 - (-2 + 3))
4
Evaluate -2 - 0 - (-2 - -2 - 2).
0
Evaluate (-10 - -8) + -5 + 1.
-6
What is -13 - (-5 + -12) - 5?
-1
Evaluate (-2 - -1 - (42 + -45)) + -1.
1
(-4 - -1) + -95 + 107
9
What is -5 + 1 + (13 - 7) - 8?
-6
Calculate 10 + -6 + (-4 - 2).
-2
Calculate -1 - (1 + -3 + 1).
0
(14 - 9) + (1 - 0)
6
-11 - (-2 - 4) - (-5 + 1)
-1
Calculate 10 + -1 + (126 - 135).
0
Evaluate (-11 - -6) + 0 + 4.
-1
What is 1 + 7 + -2 + (-3 - 0)?
3
What is (-2 - -5) + -5 - -1 - 2?
-3
What is -1 - (7 - (-2 + (7 - 2)))?
-5
Evaluate -6 + 10 + -9 + -2.
-7
Calculate -12 + (2 - 1) - (-46 - -39).
-4
Calculate (-61 - -65) + 2 + (-8 - 2).
-4
7 + -2 + 0 + -3
2
Evaluate 8 - (7 - (-15 + 7)).
-7
What is the value of 13 - (-8 - -17) - 0?
4
What is the value of -17 + 16 + 5 + (2 - 1)?
5
What is the value of -3 + (-2 - -1) + (7 - 8)?
-5
Evaluate 7 + 1 + -2 - (1 + 1).
4
What is -24 - -22 - (-1 - 2)?
1
Calculate 7 - (1 + 8 + -2).
0
84 - 80 - (2 + 0)
2
What is the value of 3 + 7 - 2 - (3 + 1)?
4
-1 + (1 - (7 - (4 - 0)))
-3
What is the value of (2 - (-2 + (1 - 1))) + -2?
2
Calculate (0 - (6 + -5)) + 1 + 5.
5
What is (15 - 12) + (-2 - -9) - 0?
10
Evaluate -10 + (5 - 3) + 4.
-4
-3 - (0 + -4) - -2
3
4 - (5 + -6 - 0)
5
Calculate -2 + 2 + 3 + (-3 - -1).
1
0 + 1 - (24 - 22)
-1
What is 0 + -1 - (2 + 0) - 1?
-4
Calculate -3 - (-2 - 0) - -2.
1
-15 + 12 + (-1 - -6)
2
Evaluate (-1 - -5) + (-7 - (5 + -3)).
-5
Calculate (-3 - -8) + -5 + 8 + -4.
4
Evaluate -9 + (1 - (-6 - 2) - 5).
-5
What is the value of 2 - ((3 + 0 - 1) + 2)?
-2
What is the value of 12 - (-5 - -6 - -9)?
2
-2 - -5 - (-2 - -2 - -10)
-7
1 - (7 - (2 - 7))
-11
Calculate -5 + -1 + 16 + (-1 - 9).
0
Calculate 2 + 0 - (-6 + 2) - 3.
3
Evaluate 13 + -8 + 7 + -9.
3
What is -2 - (-1 - (0 + 2))?
1
Evaluate 0 + 13 + -15 + 11.
9
Calculate (9 - (-9 - -12)) + -9.
-3
Evaluate 0 + 0 - (6 + -1 - 4).
-1
Evaluate 1 - (6 + -3 + (-3 - -1)).
0
Calculate 8 - (-12 - -3 - -17).
0
Evaluate 0 + -5 + 3 + (0 - 0).
-2
((-7 - -2) + 1 - -2) + 3
1
Calculate -1 - -1 - (60 - 55).
-5
What is the value of -1 - -4 - (-174 + 182)?
-5
-13 + -2 - (-24 + 17) - -17
9
Evaluate 2 + 0 + -2 - (-3 + -1).
4
What is -7 + (13 - ((2 - -3) + 1))?
0
What is -4 - (0 - 5 - -6)?
-5
Calculate -30 + 19 + 11 - (-1 - -1).
0
Calculate 13 + (3 + -13 - 3).
0
-9 + 3 - (-9 - -1)
2
What is the value of -16 - -6 - -5 - -7?
2
Calculate 5 - (7 + 2 + 0).
-4
What is the value of (113 - 113) + (0 - (0 + 1))?
-1
(-3 - -11 - 23 - -2) + 3
-10
(1 + 11 - 6) + -2
4
Calculate (4 + -10 - -22) + -10.
6
What is the value of -1 + (6 - (8 - 4))?
1
What is the value of -11 - -8 - (-5 + 2 - 2)?
2
Evaluate -1 - (1 + -4) - -2.
4
Calculate 0 + (-1 - (-5 + 3)) + 4.
5
Calculate -2 + -5 + (-6 - -8).
-5
What is the value of -4 - (-4 + 5 + -10)?
5
Evaluate 1 - (1 - (4 + -2)).
2
What is the value of (3 - -3) + -5 + -4?
-3
What is -3 - -7 - -4 - 8?
0
2 - (0 - 4 - 1 - -14)
-7
Calculate -13 + 6 - -6 - (-2 - 6).
7
Calculate (-16 - -14 - (-1 + 1)) + 5.
3
What is 8 + -9 + -4 + 7 - 8?
-6
Calculate 2 - 1 - 1 - 6 - -2.
-4
Calculate 0 - (2 - 0 - -3) - -2.
-3
What is the value of 7 - (9 + -21 - -13)?
6
Evaluate 4 + -5 + -6 + 12.
5
-3 - 0 - (-3 + -1)
1
2 + -3 + (5 - 0)
4
Evaluate 2 + (-3 - (-3 + -1)) - 7.
-4
Evaluate -9 - -6 - -6 - 1.
2
-8 - (-4 + -6) - 4
-2
Calculate 13 - ((-3 - 0) + 13).
3
Calculate (5 - (0 - -4)) + -5.
-4
Evaluate -1 - 1 - (3 + 0).
-5
Evaluate -3 - 0 - (1 + -1 + -1).
-2
Evaluate 1 - 2 - (3 + 1 - 4).
-1
Evaluate 4 + 3 + -21 + 6 + 7.
-1
Calculate 0 + -2 - (-9 + 3).
4
0 + 8 + -4 + -3 - 4
-3
What is (41 - 39) + 1 + 5?
8
What is -6 + 2 + (-13 - 0 - -20)?
3
Evaluate 43 - 44 - (-1 - (2 - 7)).
-5
What is -5 + 3 + 8 + -2?
4
What is -3 - (3 + 0 - 6)?
0
Evaluate -2 - -6 - (17 - 12).
-1
What is (1